) + 19)).
39
Evaluate (34 - 30) + (-2 - 1) + -4 + (-8 - -156).
145
Calculate -20 - (-3854 + 3795 - (1 + -2 + 0)).
38
What is 15 - (3 + -24 + (29 - 12) + -23)?
42
Evaluate -483 + 498 - (-3 - (3 - 36)).
-15
What is 79 - (177 + (-197 - -96))?
3
What is 22 + 9 - 13 - 34 - (-82 - 9 - 11)?
86
(-1 - -15) + -91 - (19 - 41)
-55
5 - 5 - (36 + 0 + 20 + -19)
-37
What is (-25 - -37 - -15) + -24 - (-6 - (5 - 4))?
10
Calculate 12 + (-14 - -2 - (92 - (17 + -34 + 4))).
-105
-6 + 50 - (-23 + 45)
22
What is 0 + -2 + -11 + -22 + 26 + -8 + -24?
-41
Evaluate -14 + 16 + 5 + 23 + -19.
11
What is 263 + (-26 - (-22 - -160))?
99
What is the value of 11 - (28 + -19 + -29 - 43)?
74
Evaluate 7 + -13 + -1 + 2 + (-5 - (-26 + 15)).
1
What is the value of -43 + (37 - 1) + 4 + 2 + 41 + -1?
39
What is the value of -125 + (127 - 55) + (-37 - 6)?
-96
Evaluate -30 + (-27 - (6 + -69)) + 20.
26
What is (-1 + 4 - (-2 + 29 - 54)) + -4?
26
Evaluate -16 + (14 - 37) + 25 - -22 - 124.
-116
What is -58 + -19 + (52 - -46)?
21
153 + 134 + -162 - 142
-17
What is the value of (201 - 200 - (1 + 45 + -2)) + (9 - -2)?
-32
Evaluate (72 - (143 - 39)) + (115 - -2).
85
What is -14 + -2 - (-17 - (8 - 17))?
-8
What is 30 - (-22 - -18) - (-19 + 7 - -7)?
39
What is the value of -18 - ((-20 - (2 + -5)) + 14)?
-15
20 + -40 + 1 + -5 + 58
34
Calculate -85 + 37 + 128 + 5 + -4 + 5.
86
Calculate -7 + 102 + (30 - 91).
34
Evaluate (2 - -10) + (16 - 98 - -17).
-53
Calculate 0 + ((98 - 159) + 12 + -2 - -2).
-49
What is the value of -4 + -4 + (15 - (-19 + 37))?
-11
What is 77 - ((-70 - -93) + 46)?
8
Calculate 84 - 4 - 4 - (17 - (26 - (11 - 5))).
79
What is 4 - (-13 - (66 + -59 + (3 + -2 - 1)))?
24
Evaluate 17 + -33 + 2 - (2 - (-1 - -54)).
37
What is 75 + 65 + -126 - (26 - 0)?
-12
What is 20 + (-13 - (-32 - -26)) + -1 + -18?
-6
What is -7 - (2 - -8 - (25 - -23)) - (8 + -9)?
32
Calculate 97 + -68 + 15 - 11.
33
Calculate -136 + -1 + 0 - (935 + -931) - (-4 + -9).
-128
Calculate 18 + ((5 - -3 - 4) + -45 - 8).
-31
What is -24 + 4 + -379 + 426?
27
Calculate (-18 + 27 - 10) + -14 - 27.
-42
80 + -3 + (601 - 665)
13
What is 76 + (-205 - (23 + -134))?
-18
What is the value of 152 + (-8 - 96) - 46?
2
Calculate 25 + 28 + 5 + -10 - (3 - 1).
46
17 + (54 - 22 - (120 + 7))
-78
What is the value of (-15 - (-1 + -11)) + 0 + 1 + -29 + -5?
-36
(4 - (1 - -12) - 18) + -1 + 13
-15
What is the value of 14 + 127 + -55 + -68?
18
What is the value of -1 + -8 + -81 + 97 - (7 - 2) - 61?
-59
What is 990 - 1010 - (1 + (2 - 26))?
3
What is 23 - 4 - (50 - -13) - -26?
-18
Evaluate 1640 - 1558 - (-60 + 9).
133
What is 127 + 4 + (558 - 656)?
33
What is 3154 - 3191 - (-4 - 53)?
20
Calculate 9 - (14 - 50) - 5.
40
Calculate -15 + (37 - -14) + -82.
-46
Calculate -64 - (8 - (3 - 0 - (-7 + -32 + 40))).
-70
6 - -12 - 4 - (-14 - (-9 + -15))
4
What is 17 - -106 - (-31 + 77)?
77
Calculate 59 - (-10 - 0) - (55 - 23).
37
What is -2 - (-6 - (4 - (6 + -24 + 31)))?
-5
What is the value of -30 + (35 - (-17 - -13) - -18)?
27
-2 + (3 - 16) + (-33 - (-25 - 25))
2
Evaluate 7 - 14 - 3 - (-1 + 41 - (123 + -131)).
-58
(18 - 30) + ((-5 - -11) + -2 - -25)
17
-1 - 95 - (3867 + -4078)
115
Evaluate 55 + (20 + -29 - 14) + 24.
56
What is 65 - 32 - 42 - (4 + -2 + 1)?
-12
(-32 - (1 + (9 - 3))) + -6
-45
What is 4 + (69 - -2) + 0 - (-10 + (29 - 15))?
71
Calculate -4 + -30 + -246 + 302.
22
What is (59 - 3) + -222 + 262?
96
What is the value of (57 - 30 - 1) + -34?
-8
3 + 2 + ((-11 - -8) + 51 - (5 + 8))
40
What is the value of -22 + (111 - ((2 - 28) + 36))?
79
Calculate -18 - (-12 + -3) - -12 - 2 - -93.
100
(14 - -19 - 66) + (-3 - (-2 - 0))
-34
What is the value of -54 + 40 + 8 - (-1 + -2 + 42 + -1)?
-44
(-35 - (-37 - (-16 + 40))) + (1 - 12 - -1)
16
What is the value of -18 + 0 + 2 - (-71 + 45)?
10
(3018 - 3037) + 2 + 20
3
(18 - -5 - (194 + -198)) + 57
84
What is -36 + -2 + (597 - 564) - 39?
-44
Evaluate 6 + 55 + (15 - (-11 - -54)).
33
Calculate -41 - (53 + -48 + 44 + -7).
-83
Evaluate 13 - (-14 - (-24 + -2 + 19) - -12).
8
What is -25 + -16 + 33 + (26 + 5 - 6)?
17
Calculate -2 + 2 + (55 - 69) + -5.
-19
Evaluate (-61 - (19 - (5 - -54))) + 4.
-17
-8 + 62 + (257 - 355)
-44
Calculate -31 - (-1 + -99 - -116).
-47
Calculate -19 + -20 + 78 + -20 - -32.
51
Calculate 79 + -17 - (31 - -9).
22
(-7 - -10) + -45 + -42 + (5 + -1 - 10)
-90
Evaluate 2545 + -2564 - (-24 + 1).
4
Calculate (-10 - (12 + -1)) + 69 - 8.
40
Calculate 32 - ((-41 - -18) + 34).
21
Calculate 11 + (11 - (11 - -13)) + 1 + -1.
-2
What is (0 + (-37 - -34) - 29) + -14?
-46
6 + (-9 + 9 + -1 + 9 - (-6 - -13))
7
-10 + (434 - 458 - (-50 - -1))
15
Calculate 1 - 2 - (-9 + 14 + (-18 - (-5 + -11))).
-4
Calculate 17 + (6 - 94) + 3 + 30.
-38
Calculate 35 - (12 + (-26 - -2) - (0 + 0)).
47
Evaluate 13 - -19 - 8 - (3 - -10).
11
What is the value of -75 - (6 - (-21 - (-6 + 11)))?
-107
Evaluate -19 - (21 - 65 - 8).
33
What is -7 - -39 - (-4 - -22)?
14
16 - (5 - (16 - (-20 - -27)))
20
Calculate 281 + -257 + (3 - (5 - 2 - -165)).
-141
Evaluate -6 - (-29 + -5 + (-3 - -18) + 10).
3
What is -1 + 0 + 0 - ((23 - (39 - -19)) + 43)?
-9
33 + (9 + -33 - 37) + 97
69
Evaluate 2 - -5 - (61 + -47 + 3 - (13 - -1)).
4
What is the value of 0 - (-3 + 19 + -6) - (0 - (-1 + 3))?
-8
What is -11 - (-21 + (17 - 10) + 9 + 2)?
-8
What is 1 + -31 + -1 + (2 + -5 - (33 - 40))?
-27
What is the value of -22 + (31 - 5 - 4 - 17)?
-17
What is -53 + 37 + -18 + -1?
-35
7 - (76 - (26 - 2))
-45
What is 0 + -11 + -2 - (-44 - -104 - 54)?
-19
Evaluate -73 - (-1 + ((8 - (-4 - 3)) + -6 - 13)).
-68
Calculate 11 - (-3 - (-12 + -6)).
-4
What is -21 + -52 + (85 - -3)?
15
Calculate (4 - 2 - 4) + -14 + (23 - (-13 - -36)).
-16
What is the value of (562 - 526) + -4 + -4 + -17?
11
What is 16 - (-4 + (-14 - -9) + 12 + -48)?
61
Evaluate (397 - 330) + 35 + 2.
104
What is the value of (15 - 31) + -34 - (4 - 13)?
-41
What is the value of (19 - (24 - 21)) + -43 + -5 + 1?
-31
Calculate 24 + 36 - 11 - 4.
45
Evaluate -6 - 9 - (11 - (2 - -50)).
26
What is the value of (-16 + 1 - (4 - (15 + -7))) + 49?
38
Evaluate -764 + 796 + (0 + 6 + -3 - 1).
34
Calculate 4 + 22 + -21 + 26 + -45.
-14
Evaluate 1 + 24 + 502 + -492.
35
What is -111 + 0 - (-1 + 5 + (-203 - -191) - -1)?
-104
Evaluate ((-45 - -45) + 1 + 10 - -8) + 1 + 1.
21
What is -7 + (-49 - -9) + (4 + -5 + 4 - 3)?
-47
Calculate 14 - ((-42 - (39 + -47)) + -20).
68
(-290 - -299) + 16 + 2
27
Evaluate -29 + (-20 - -47) + (1 - -5 - 23).
-19
What is the value of -20 + (2 + 0 - 6) - (-1142 + 1207)?
-89
(761 - 790) + -2 + 102 + -3
68
What is -16 - ((-3 - (3 + -67)) + (-495 - -497))?
-79
Evaluate -24 + (-13 - (-11 - (11 - 14))).
-29
What is the value of -14 + -10 + 27 + (9 - 14 - 66)?
-68
What is the value of -2 - -11 - ((-424 - -390) + 11 + 0)?
32
-45 + 985 + -953 + -70 + -1
-84
What is the value of (-17 - -48 - -47) + -66 + (1 + -10 - -1)?
4
13 + (82 - 83 - (-10 - 1)) - 14
9
-1 + 23 + -32 + 26 + -5
11
What is the value of 10 + -3 - 0 - (9 + -9 + (18 - 15))?
4
Calculate -33 + (-32 - -63) + -69 + 34.
-37
What is ((6 - -1) + 8 - -3) + -35?
-17
What is the value of 31 + -39 - (-70 + 105)?
-43
Evaluate -20 + -22 - -23 - 33 - (0 + -7).
-45
Calculate -43 - (-14 - -1 - 16 - (-79 + 69)).
-24
Calculate (-29 - -2) + 54 + (-24 - 119).
-116
Evaluate 33 + (-132 - (4 + -70)).
-33
Evaluate -3 + 49 - (449 - 373).
-30
What is the value of (10 + -18 + 16 - (-17 - -4)) + 2?
23
What is the value of -12 - -68 - (-36 + 59)?
33
(-10094 - -10044) + 45 + 1
-4
Calculate -13 - (49 - -9 - (21 - (1 + 15))).
-66
127 + -60 + (-11 + 10 - 8)
58
Evaluate 13 + (14 - 21 - 133).
-127
Evaluate -21 - (-2 - -1) - (124 - 179 - -86).
-51
(-2 - -6 - (23 + 1 - -74)) + -5 + -1
-100
What is the value of (7 + 16 + 9 + 10 + -10 - -8) + -7?
33
What is the value of (-1 - -91) + (-18957 - -18767)?
-100
-23 + -3 + 2 + (-1257 - -1246)
-35
-564 + 600 + (-2 - 73)
-39
Calculate (-130 - -140) + (18 - 15 - (5 + -2)).
10
What is the value of (0 + 6 - 8 - -125) + (-262 - -259)?
120
Evaluate (36 - -4 - 37 - (2 - -22)) + -6 + 5.
-22
What is the value of (7 - 2) + (-9 - (-56 - -49))?
3
Calculate -21 + -46 - -60 - (33 - 3).
-37
Evaluate (31 + -68 - -94) + -6 + -4.
47
-10 + (2 + -17 + 2 - -6) + -20
-37
-9 + -5 + 9 - (18 + -95)
72
What is the value of -60 - (-99 + (-56 - -90))?
5
3 - (19 + (-95 - (12 - 22))) - -15
84
-18 + 17 + -11